nd 76?
19
Let y = 12 - -3. Let i(v) = 4*v + 4. Let n be i(y). What is the greatest common divisor of 8 and n?
8
Suppose 73 - 13 = 12*g. Suppose a - 6*p + 3*p = 56, g*a - 314 = -2*p. Calculate the highest common factor of 434 and a.
62
Let n = 152 + -132. Let c be (-40)/n*(-9 + 1). Calculate the highest common divisor of c and 2.
2
Suppose 2*h - 5*o - 52 = -0*h, -84 = -4*h + 5*o. Suppose -594*t + 633*t - 4992 = 0. Calculate the highest common factor of t and h.
16
Let n(u) = u**3 + 20*u**2 - 70*u - 7. Let q be n(-23). Calculate the highest common factor of 2 and q.
2
Let v(p) = -p**2 + 17*p + 18. Let h be v(16). What is the greatest common factor of 153 and h?
17
Suppose 284*k - 17 = 283*k. Calculate the greatest common divisor of k and 17.
17
Let m = -48 - -45. Let v(u) = 4*u**2 - 1. Let w be v(m). What is the highest common factor of w and 5?
5
Let t = 40 - 27. What is the highest common divisor of t and 403?
13
Suppose -3*m = -2*j + 59, 4*j - 2*m = 3*m + 113. Suppose 3*x + 5*c - 604 = 0, -5*c + 194 = x - 7*c. Calculate the highest common divisor of j and x.
22
Suppose 4*s = s + 195. Let z = s - 25. Calculate the greatest common divisor of z and 40.
40
Suppose 0 = 2*k - 6*k. Let h be (k - 2)/(6/(-39)). What is the highest common divisor of 117 and h?
13
Suppose 5*d - z - 284 = 529, -3*d + 2*z = -492. Let v = -154 - -172. Calculate the greatest common divisor of v and d.
18
Let x = -3 + 7. Let h be ((-3 + 3 - -2) + 1)/1. Suppose -3*n - h = -6. Calculate the greatest common divisor of n and x.
1
Let y(w) = 2*w - 11. Let k be y(5). Let z be ((-17)/k - 1)*-5. Let j be (-6)/(-4)*z/(-24). What is the highest common factor of 10 and j?
5
Let x(g) = 18*g**2 + 2*g + 3. Let v be x(-2). Suppose -3*s = -3*k + 66 + 39, 0 = -2*k + s + v. Calculate the highest common factor of 6 and k.
6
Let l = 6 + 615. Calculate the greatest common factor of l and 27.
27
Let j(p) = 5 - 4*p**2 - 9 + 12 + p**2 + p**3. Let b(l) = -l. Let c be b(-4). Let t be j(c). What is the highest common divisor of 36 and t?
12
Let d be (-1 - -25) + 0/19. Calculate the greatest common divisor of 6 and d.
6
Suppose -f + 12 = 3*g + 2, -5*g + 18 = 2*f. Suppose g*b - 33 = -9. Calculate the highest common factor of 12 and b.
12
Let x be (1029/14)/(0 + 1/2). Suppose -108 = -5*n - 3. What is the greatest common divisor of n and x?
21
Let m be (0 - (-1022)/(-2))*-1. What is the greatest common divisor of m and 7?
7
Let s = 461 - 428. What is the greatest common factor of s and 143?
11
Let t = 537 - 350. Suppose 2*x + r - 126 = -0*x, 3*x = -r + t. Let o = -39 + x. Calculate the highest common divisor of 242 and o.
22
Let t(s) = -100*s**3 - 2*s**2 - 3*s - 3. Let k be t(-2). Calculate the greatest common divisor of 45 and k.
15
Let y(m) = 0 - 5*m + 4 + 0 - 2. Let a = 14 - 16. Let j be y(a). What is the highest common factor of j and 132?
12
Let q(h) = -2*h - 11. Let v be q(-6). Suppose 3*c - 74 = v. What is the greatest common factor of c and 5?
5
Let b = -271 + 299. Calculate the highest common factor of b and 224.
28
Let p be -1 + (-346)/2*-1. Suppose 0 = 5*r - 3*a - p, -3*r = -a - 3*a - 112. Let o = -37 + 45. What is the highest common factor of r and o?
8
Suppose -2*c + 38 = -46. Suppose 0 = 4*g + 3*p - 16, 3*p = 5*g - 2*p - 20. Let w(r) = 3*r - 6. Let q be w(g). Calculate the greatest common divisor of c and q.
6
Suppose 0 = -r + 4 + 7. Let m = 193 + -149. What is the highest common divisor of r and m?
11
Let s be 6*(0/(-1) - -1). What is the greatest common factor of s and 1248?
6
Let i = -8 + 8. Suppose 3*p = -4*t + 166, -2*p + p + t + 46 = i. Suppose 0 = 5*s - 2*s - 375. What is the greatest common divisor of p and s?
25
Let m(x) = x**3 - 3*x**2 - 3*x + 8. Let l be m(6). Let h(j) = 15*j**3 - 4*j**2 + 2*j + 1. Let v be h(1). What is the greatest common divisor of v and l?
14
Let h be 203 + (-4 - 5) + 11. Calculate the greatest common factor of h and 15.
5
Suppose 0 = -x + 2*u + 120, 4*x = -u - 3*u + 420. Let y be ((-12)/8)/(6/(-44)). Let p = y + -1. What is the highest common factor of x and p?
10
Let t(y) = y**2 - 9*y + 18. Let d be t(8). Let v = d + 10. Calculate the highest common factor of 30 and v.
10
Suppose -3*k = -4*h + 134, 2*h - k - 70 = 2*k. Suppose 3*i = -12, -3*p + 2*i = i + 5. Let y be p/(18/(-32))*3. Calculate the highest common factor of h and y.
16
Let y(p) = p**3 - 21*p**2 - 43*p + 51. Let g be y(23). Calculate the highest common factor of g and 195.
15
Let l = 1 + 0. Let d be 58/(-4) - 4/(-8). Let t = 19 + d. What is the greatest common factor of t and l?
1
Let b(o) = 2 + 5*o**2 - o + 4 - o**3 - 4 - 4*o. Let g be b(3). Suppose 2*p - g*p + 12 = 0. What is the greatest common divisor of p and 10?
2
Suppose -32 + 5 = -9*y. Let u(r) = r**2 + 6*r - 3. Let a be u(y). Calculate the highest common divisor of 8 and a.
8
Let g(a) = -9*a + 185. Let o be g(-7). Calculate the greatest common divisor of o and 16.
8
Let v = 406 - 346. What is the highest common factor of v and 40?
20
Let j(w) = w - 8. Let r be j(-4). Let b(m) = -2*m - 20. Let v be b(r). Suppose -6 = -t + v*a, -t + 5 = 4*a - 1. What is the greatest common factor of t and 6?
6
Let h(j) = j + 26. Let z be h(10). Let n be 6/z - 178/(-12). What is the greatest common divisor of n and 15?
15
Let v = -575 + 599. Calculate the highest common factor of v and 108.
12
Let i be 13 + 2*(-25)/10. What is the highest common factor of 232 and i?
8
Suppose -11 - 5 = -2*t. Suppose 3*s + 0 = -4*c + 1, -4*c + t = -4*s. Suppose -21 = -96*o + 93*o. What is the greatest common factor of o and c?
1
Let m(w) = -w**3 - 17*w**2 + 35*w - 53. Let a be m(-19). What is the highest common divisor of a and 288?
4
Let g = 31 + -43. Let k = g - -12. Suppose -15 = -5*m, k = 2*b + 4*m - 0*m - 58. Calculate the greatest common divisor of b and 161.
23
Let r(j) = -j**3 + 6*j**2 + 7*j + 2. Let k = -14 + 21. Let t be r(k). Let f be t + 1 - (2 - 44). Calculate the highest common factor of 15 and f.
15
Suppose -3*l = 5*n - 11, -2*n + 3*l = n - 21. Suppose 2*p - n*z = -0*z, 5*p = 5*z + 5. Calculate the highest common divisor of 4 and p.
2
Suppose 4*q - 57 = -3*r, 0 = 3*q + 2*q + 5*r - 70. Let j be ((-5)/q)/((-1)/9). Let t be j/(-2)*(-8)/6. Calculate the highest common divisor of 3 and t.
1
Let w(q) = 5*q + 3*q + 4 - 5 + 3*q**2 + 7. Let j be w(-3). Calculate the greatest common factor of j and 63.
9
Suppose -2*f + 3*f - 3 = 0. Suppose -4 = -7*x + 3*x. Let z be -2 - ((-2)/x + -1). What is the highest common factor of z and f?
1
Let w(d) = -9*d + 1. Let l be w(-7). Let t be (-4)/(-22) - (-2494)/319. Calculate the greatest common divisor of t and l.
8
Let j = -158 - -1172. Calculate the highest common divisor of j and 156.
78
Suppose -26 = -3*x + x. What is the greatest common factor of x and 3?
1
Suppose -9 = -0*z - 3*z. Suppose c = -4*i - 14, 0 = 8*c - 10*c - i + 7. Calculate the highest common divisor of z and c.
3
Let g(m) = m**3 + 7*m**2 + 3*m + 6. Let s be g(-6). Suppose -2*z = 4*j - s, -5*j + 21 + 15 = z. What is the highest common factor of j and 136?
8
Suppose 37 - 7 = -3*j. Suppose -5*a + 2 = -3*k + 16, -k = a - 2. Let d be 57*(j/(-3) - k). What is the greatest common divisor of 209 and d?
19
Let m = -176 + 40. Let h = m - -208. Calculate the highest common factor of h and 18.
18
Suppose 242 = -4*o + 15*o. Suppose 0*a - 5*a = -55. Let b be 1 + a + 1*-1. What is the highest common divisor of b and o?
11
Suppose 0 = -4*d - 20, -17*d = 4*q - 12*d - 391. Calculate the highest common divisor of q and 91.
13
Suppose 0 = 3*m + 2*m. Suppose m = 3*c + 8 - 53. Let z(t) = -t**3 - 6*t**2 - t - 1. Let u be z(-6). Calculate the highest common divisor of c and u.
5
Let q be 12 + 4/6*6. Let x(f) = f**2. Let t(o) = o**3 + 8*o**2 - 9*o + 4. Let i be t(-9). Let m be x(i). What is the greatest common factor of m and q?
16
Let a = -9 - -12. Suppose 0 = 2*z - a*t - 1, 2*z + 5*t - 8 = t. Let h be -12 + 18 + (1 - (2 + 1)). Calculate the highest common divisor of z and h.
2
Let l = -437 - -489. What is the highest common divisor of l and 13?
13
Let q(v) = 42*v - 114. Let s be q(4). Calculate the highest common divisor of s and 135.
27
Let a = -424 - -1416. Let i = -96 + a. Let t be 8/20 + i/10. Calculate the highest common factor of 18 and t.
18
Let f = -49 - -45. Let h(w) = -4*